 4, 0 = -3*a - 4*y + 3. Suppose -2*z - u - 5 = -0*u, m*z + 3 = a*u. Let g(b) = -b - 1. Calculate g(z).
1
Let f(v) = v**3 + v**2 + v + 1. Let r(k) = -6*k**3 - 11*k**2 - 5*k - 4. Let i(q) = 5*f(q) + r(q). Let d be i(-6). Let s(a) = 3*a. What is s(d)?
3
Let l(t) be the first derivative of -t**4/24 - t**3/3 + t**2/2 - 1. Let k(q) be the second derivative of l(q). What is k(-3)?
1
Let n(o) = 2*o**3 - 6*o**2 + 6*o - 3. Let u(y) = 6*y**3 - 17*y**2 + 17*y - 8. Let d(r) = 8*n(r) - 3*u(r). Calculate d(2).
-10
Let v(h) be the second derivative of 0 - 1/2*h**2 - 2*h + 1/3*h**4 + 0*h**3. Suppose 0 = -2*y + 2*a, -y - 2*a - 2 - 1 = 0. Calculate v(y).
3
Let q(d) = 5*d**3 + d**2 - d - 1. Let u be 38/8 + 4/16. Let x be 4/2*(-6)/(-4). Suppose 0 = u*f + s + 8, s = -2*f - x - 2. What is q(f)?
-4
Let m = -32 + 41. Let v(n) be the first derivative of 1/2*n**2 - m*n + 3. Determine v(0).
-9
Let v(h) be the first derivative of -h**3/3 - h - 11. What is v(-2)?
-5
Let i(f) = f**3 + 5*f**2 + 2*f + 2. Let v = 45 - 50. Calculate i(v).
-8
Suppose 0 = 9*z + 2 - 11. Let o(h) = -3*h. What is o(z)?
-3
Let y(c) = -16*c + 6. Let r(d) = -3*d + 1. Let u(q) = 22*r(q) - 4*y(q). Calculate u(-4).
6
Let w(t) = t**2 - 9*t + 3. Suppose -44*i + 34*i + 90 = 0. Determine w(i).
3
Let r(d) = -d**3 + 5*d**2 + 7. Let f be (48/(-16))/((-6)/10). Determine r(f).
7
Let y(c) = -c + 1. Let q be y(-3). Let m(t) = t + 5. Determine m(q).
9
Suppose 60 = -v - 3*v. Let f = 10 + v. Let q(b) be the second derivative of -b**4/12 - b**3 + b**2/2 - b. What is q(f)?
6
Let z(r) = r**2 + 7*r + 5. Let k(s) be the first derivative of s**4/4 - 3*s**3 - s**2 + 13*s + 3. Let j be k(9). What is z(j)?
-5
Suppose -7 = 3*d - 2*r + 7, -2 = -d - r. Let u(n) = -n + n - 2*n. Give u(d).
4
Suppose 3*y = y + 10. Suppose -14 = -2*b - 5*l, -y*b - 5*l = -l - 18. Let r(u) = 2*u + u**b - 1 - 7*u + 0*u**2. Calculate r(4).
-5
Suppose 0 = n - 2 - 0. Let v(b) = -b + 2 + 3 + 4*b**3 - 4 + b**n + 0*b**2. Determine v(1).
5
Let i(j) = -j**2 + j + 1. Let c(v) = -v**2 + 2. Let h(n) = 5*c(n) - 6*i(n). Let d = -7 + 8. Let k be d - -1 - 2/(-2). Determine h(k).
-5
Let i(k) = 0 + 2 - 3 + 4. Let c(u) = -u + 4. Let b(o) = 3*c(o) - 2*i(o). Give b(4).
-6
Let l(z) be the third derivative of z**4/24 + z**3/6 + 20*z**2. Determine l(-4).
-3
Let p be (1/(-2))/((-1)/6). Suppose p*s = 4*v + 7, -2*v + 3*v + 3*s - 2 = 0. Let i(u) = 2*u + 0*u - u + 2*u**2 + 1 - 3*u**2. What is i(v)?
-1
Let o(m) be the first derivative of 5*m - 4*m**2 - 2 + 1/3*m**3. Determine o(4).
-11
Let o(m) = m - 5. Let k be 15*(1 - 6/10). Let p be o(k). Let l(u) = -4*u**3 - 2*u**2 + 1. Determine l(p).
-5
Let w = 40 + -36. Let r(j) be the second derivative of -3/2*j**2 + 5/6*j**3 + 1/12*j**w - j + 0. Give r(-4).
-7
Let z = 8 - 9. Let l(s) = -11*s. Determine l(z).
11
Let o = 2 - 5. Let x(b) be the third derivative of b**4/12 + b**3/6 + b**2. Give x(o).
-5
Let m(f) be the first derivative of 1/360*f**6 + 7/120*f**5 - 1/24*f**4 + 2 + 0*f**2 + 0*f - 2/3*f**3. Let d(u) be the third derivative of m(u). Give d(-6).
-7
Let t(x) = 3*x**3 - 10*x**2 + 15*x - 5. Let k(l) = 2*l**3 - 7*l**2 + 10*l - 3. Let i(u) = -8*k(u) + 5*t(u). Determine i(4).
11
Let d(w) be the third derivative of w**4/8 - w**3/3 - w**2. Let b(z) = -2*z + 1. Let k(u) = -7*b(u) - 5*d(u). Calculate k(0).
3
Let v(w) = -w**3 - 2*w**2 + 7*w - 10. Let n(k) = -k**3 - k**2 + 7*k - 9. Let j(s) = -5*n(s) + 4*v(s). Calculate j(4).
-7
Suppose 24 = m + 2*m. Let z(n) = -n + m + 0*n - 6. What is z(3)?
-1
Let k(o) = 4*o + 4. Suppose -j - 10 = -3. Determine k(j).
-24
Let x(r) be the third derivative of 5*r**4/24 - 3*r**3/2 - 8*r**2. Give x(6).
21
Suppose 0 = 4*m - 5*m + 1. Suppose -1 = -g + m. Let r(t) = 0*t**2 - 6*t + 2 + g + t**2 + 2*t. Determine r(3).
1
Let a(l) be the third derivative of -l**5/30 + l**4/24 - 6*l**2. What is a(2)?
-6
Let h be 2/7 + (-72)/(-42). Suppose -5*u + 31 - 8 = 3*x, 4*u - 16 = -h*x. Let n(p) = 6*p - 4. Let c(l) = 2*l - 1. Let a(m) = 17*c(m) - 6*n(m). What is a(x)?
-5
Let n = 129/568 + -4/213. Let b(z) be the third derivative of -1/20*z**5 - 1/3*z**3 + 2*z**2 + 0 + 1/120*z**6 - n*z**4 + 0*z. What is b(4)?
-6
Let m(f) = -f**2 - 4*f - 1. Let n be (58/10 + -5)/(4/(-10)). Determine m(n).
3
Let v(b) = b**3 + 5*b**2 + 2*b. Let p = -50 - -46. Determine v(p).
8
Let s(b) = -5*b - 1. Let r(f) be the second derivative of 7*f**3/3 + f**2 - f. Let o(a) = 4*r(a) + 11*s(a). Suppose 5*c - 4 = 4*c. Calculate o(c).
1
Suppose -4*n + 9 - 1 = 0. Suppose 4*k = 3*o + 20, -4*o - n*k + 9 = -1. Let b(t) = -4*t + 7. Let w(a) = 3*a - 6. Let h(g) = -4*b(g) - 5*w(g). Give h(o).
2
Let o be (-30)/12*(-4)/2. Let t(x) = 3 + 4*x**3 - o*x + x**3 - 4*x**3 - 3*x**2. Give t(4).
-1
Let u(a) be the first derivative of 3 + a**2 + 2/3*a**3 + a - 1/4*a**4. Suppose 4*k + 6 = 2. Determine u(k).
2
Let s(g) = 0*g**3 + 5*g**3 - 4*g**2 - 3*g**3 + 6*g - 2 - 3*g**3. Let r be ((-10)/8)/((-2)/(-8)). Give s(r).
-7
Let l = 2 + -3. Let i be l + (1 + 2)/(-3). Let g(b) = 3*b**2 - 1. What is g(i)?
11
Let t = 2 + -2. Let n = 0 + t. Suppose -w - 5 + 1 = n. Let o(p) = p**3 + 5*p**2 + 4*p - 3. Give o(w).
-3
Suppose 11*f - 13*f - 4 = 0. Let i(m) be the first derivative of m**4/4 + 2*m**3/3 + m**2/2 + m - 1. What is i(f)?
-1
Let x(n) be the first derivative of n**3/3 + 3*n**2 + 2*n - 11. Let k be 1 + ((-1)/(-1) - 7). Calculate x(k).
-3
Let z be (-10)/2 + -1 + 4. Let q be 3/z*2/3. Let k(o) be the second derivative of o**4/3 - 2*o. Calculate k(q).
4
Suppose -2*l + 3*x + 5 = -0, -4*l - 3*x - 35 = 0. Let k(t) = 2*t - 1. Determine k(l).
-11
Let f(n) = -n**3 + 5*n**2 - 5*n - 2. Let q(m) = -8*m**3 - m**2 + 1. Let i be q(-1). Suppose -6*h + 4*h = -i. Calculate f(h).
-6
Let n(t) be the third derivative of -t**6/180 - t**5/24 + t**4/12 - t**3/2 - 5*t**2. Let k(o) be the first derivative of n(o). What is k(-4)?
-10
Let w(k) = -k**2 + 2*k - 3. Let h(p) = p**2 + 2*p - 3. Let i be h(2). Suppose -35 = -i*a - 0. Suppose -3*z - g + 11 = 0, z = -2*g + 5 + a. Determine w(z).
-3
Suppose -2*s = 2*s - 8. Let v(b) = 0*b - 5*b + s*b - 3 + b. Calculate v(-2).
1
Let s(u) = 8 - u - 9*u + 2*u**2 + 6*u - 3*u**2. Determine s(-6).
-4
Let k(l) = -14*l**3 + 29*l**2 - 15*l + 15. Let y(v) = -5*v**3 + 10*v**2 - 5*v + 5. Let m(d) = 6*k(d) - 17*y(d). Calculate m(-5).
5
Let c(s) be the third derivative of 0 + 0*s - 7/6*s**3 + 1/60*s**5 - 5/24*s**4 + 5*s**2. What is c(5)?
-7
Let p(x) = -x**2 + x - 11. Let y(u) = -u**2 - 6*u + 7. Suppose -5*l = 3*d - 4*l + 20, -5*l - 9 = 2*d. Let r be y(d). Calculate p(r).
-11
Let b = -1 - -7. Let k(g) = 15*g - 1. Let p(f) = -7*f + 1. Let u(d) = b*k(d) + 13*p(d). Give u(3).
4
Let l be ((-1)/(-2))/((-9)/108). Let w(f) = f + 7. What is w(l)?
1
Let i(u) = -u + 0*u + 27 + 0*u - 23. Give i(0).
4
Let d(c) be the second derivative of 5*c**4/12 - 11*c. Calculate d(2).
20
Let r(i) = -i**2 + 5*i + 3. Let x(q) = q**2 - 4*q - 2. Suppose 6 = -0*l - 2*l. Let d(b) = l*x(b) - 2*r(b). Calculate d(2).
0
Let p be 6/(-9)*(-3)/2. Let h(v) be the third derivative of v**5/30 + 5*v**4/24 + 4*v**3/3 - 2*v**2. Let s(l) = -1. Let q(a) = p*h(a) + 5*s(a). Calculate q(-3).
6
Let v be (-23)/5 + (-2)/5. Let b = v + 7. Let a(h) = -5*h**2 - h**b + 3*h**2. Give a(1).
-3
Let f(v) = v**3 + 7*v**2 + 5*v - 6. Let n(x) = -3*x + 2. Let i be n(1). Let o be -2 + i + (0 - 3). Give f(o).
0
Let d(w) = -w**2 - 8*w - 3. Let b(c) = c - 1. Let s(f) = 2*b(f) + d(f). What is s(-7)?
-12
Let p(t) = t**3 + 7*t**2 + 2*t - 3. Let u = 52 + -58. Calculate p(u).
21
Let q(k) = -k**3 + 5. Let c be q(0). Suppose 5*h = 5*b, -b - 2 = -c*b + 3*h. Let w(d) = 0*d + 2*d + d - 1 + d**2 - 5*d. Calculate w(b).
-1
Let f(l) be the third derivative of 1/24*l**4 + 0 + 0*l - 4*l**2 - 1/3*l**3. What is f(3)?
1
Let y(t) = -t**3 + t. Let x(q) = 3*q**3 + q**2 - q - 2. Let m(d) = -x(d) - 4*y(d). Give m(2).
0
Let l(p) be the first derivative of -3*p**4/4 - p**3/3 + p**2 - p + 29. Calculate l(1).
-3
Let z = -16 - -97/6. Let s(w) be the third derivative of 0*w + 3*w**2 - z*w**3 - 1/60*w**5 + 0 - 1/24*w**4. Determine s(-1).
-1
Suppose -2*g = -0*g - 10. Let x = g + 1. Let c(v) = v - 5. Calculate c(x).
1
Let z(j) = -1 - 2 + 4 + j. What is z(0)?
1
Let z be (-4)/((1 + -2)/1). Suppose -5*g - 2*d - 4 + 26 = 0, -5*d = 4*g - 21. Suppose 4*j = -2*k + g - 0, z*k - 3*j = 19. Let h(a) = 2*a -